of s.
2, 11, 17
Let y = -92 + 99. Suppose -5*j - 35 = 4*a, -4*j - y = -3*j + a. Let n(t) = 5*t**2 + 16*t + 8. What are the prime factors of n(j)?
3, 47
Let t = 905 + -839. Let b = 45 - 12. Let q = t - b. What are the prime factors of q?
3, 11
Let m be (-771)/2*(6 + -4). What are the prime factors of -1 + m*(-1)/3?
2
Let d(v) = 2*v**3 + 114*v**2 + 59*v + 140. List the prime factors of d(-55).
5, 7, 257
List the prime factors of ((-4)/6*3/5)/(2769/(-191656335)).
2, 109, 127
Let t be 0/(-1 + -2 + 2). Suppose t = 4*u + 5*s - 1360, 0*s + 3*s = 0. Suppose -5*j + u = 3*p, 4*p - 472 = -5*j - 17. What are the prime factors of p?
5, 23
Suppose -16*x = -x - 45. Suppose t - 166 = 5*w, 0 = 2*t - x*w - 144 - 202. What are the prime factors of t?
2, 11
Suppose 67*m - 65*m = 3*l - 8882, 5*m - 5877 = -2*l. List the prime factors of l.
2, 739
Let b = -8840 + 9077. List the prime factors of b.
3, 79
Let x = 12025 + 3234. What are the prime factors of x?
15259
Let x(j) = -3*j**3 - 57*j**2 - 78*j + 22. What are the prime factors of x(-34)?
2, 23, 29, 41
Let q = 64 + -270. Let v(l) = -l**2 - 27*l + 33. Let n be v(9). Let a = q - n. List the prime factors of a.
5, 17
Suppose 4*q - 12296 - 5132 = 0. Suppose -q + 913 = -3*x. What are the prime factors of x?
2, 7, 41
Let w(a) = -58*a**3 + 21*a**2 - 93*a - 538. List the prime factors of w(-6).
2, 1663
Let g(f) = -f**2 - 12*f - 5. Let n be g(-11). Suppose n*a = 4*a - z + 10, -18 = -5*a + z. Suppose -55 - 157 = -a*y. What are the prime factors of y?
53
Let d = 0 + -1. Let n(f) = 0 + 55*f**2 - 25 - 12 - 2*f + 36. What are the prime factors of n(d)?
2, 7
Let h(y) = -4*y + y**3 - 43*y - 50 - 7*y - 20*y**2 + 17*y. List the prime factors of h(23).
2, 7
Let z be ((-16)/(-12))/(2/1689). Suppose 3*w - 2567 - z = 0. Suppose 0 = -8*h + 3*h + 4*l + w, 717 = 3*h + 3*l. What are the prime factors of h?
3
Let a(n) = -n**3 - 21*n**2 - 26*n - 20. Let q(y) = y**3 + 3*y**2 - 2*y - 12. Let i be q(-4). List the prime factors of a(i).
2, 5
Suppose 8*h + 37 = 3*v + 3*h, 5*h + 13 = -3*v. Suppose -2*p = 3*q + 22, 4*q + 40 = -v*p - q. Let k(n) = 4*n**2 - 9*n - 21. What are the prime factors of k(p)?
2, 31
Let k(h) = -3918*h - 1784. What are the prime factors of k(-2)?
2, 17, 89
Suppose 0 = 113*u - 36*u - 154308. List the prime factors of u.
2, 3, 167
Let j be (2/10)/((-8)/(-80)). Suppose -2*w + 6 = -3*z - j*z, 12 = -2*z + 4*w. What are the prime factors of 20/16*(z + 76)?
5, 19
Let v(o) = -4*o - 136. Let l be v(-35). Suppose 724 = -l*f - 5*s + 3563, -f + s = -703. List the prime factors of f.
2, 353
Let g(k) = -k**2 - 9*k - 9. Let u be g(-7). Suppose -5*r + 382 = 3*p, u*r - 620 = -5*p - 0*r. What are the prime factors of p?
7, 17
Let s be 0/(27/(-9)) + 2. Suppose 5*g - g - 4405 = -5*p, 1105 = g + s*p. List the prime factors of g.
3, 5, 73
Let d = 398 + -318. List the prime factors of 22910/d + 4/((-32)/3).
2, 11, 13
Let j = 543 + -1619. Let c = -649 - j. List the prime factors of c.
7, 61
Let r(h) = 3295*h**2 + 17*h - 22. What are the prime factors of r(-2)?
2, 17, 193
What are the prime factors of (-3*16)/(156/(-58864))?
2, 283
Suppose -1226 = -z - 222. Suppose -5*h - z = -2759. List the prime factors of h.
3, 13
Let r = 239 + -243. Let w(a) = -13*a**3 - 4*a**2 - 12*a - 19. What are the prime factors of w(r)?
797
Suppose 84 = 74*g - 81*g. Let z = g + 548. What are the prime factors of z?
2, 67
Suppose 2*n - 3*g + 4 = 0, n = g + 3*g - 12. Let h be n/(-3)*45/15. Let p(x) = -15*x - 3. What are the prime factors of p(h)?
3, 19
Let j = 35421 + -23306. What are the prime factors of j?
5, 2423
Let h be -1 + 9/10 - 164/(-40). Suppose -2*a + 5 - 1 = 0, h*w - 646 = 5*a. List the prime factors of w.
2, 41
Suppose -541659 = -164*c + 93*c. List the prime factors of c.
3, 2543
Suppose -8*q + 33*q - 75 = 0. What are the prime factors of q/((-10)/((-56360)/(-12)))*-1?
1409
Let o(b) = 2*b + 3. Let q(m) = -91*m - 105. Let z(k) = -6*o(k) - q(k). List the prime factors of z(13).
2, 557
Let x = 379 + -145. What are the prime factors of (-2)/(-26) - (-254574)/x?
2, 17
Suppose 5*z + 9*z + 14 = 0. Let f be ((3 - 6) + 1)/(z/5). List the prime factors of (0 + (-4)/f)/(30/(-8850)).
2, 59
What are the prime factors of ((-20)/6)/((-12)/99162)?
5, 7, 787
Suppose 0 = -5*i + 4*l + 42, 5*l + 2 = 3*i - 31. Suppose 6*c + i = 8*c. Suppose 2*v + c*v = 205. List the prime factors of v.
41
Let z(s) = 1 + 3*s**2 + 1 - 3 + 5*s. Let h(y) = 17*y + 7. Let b be h(0). List the prime factors of z(b).
181
Let d = 149 + -144. Suppose -5*m = d, -4*i - 5*m - 447 + 1842 = 0. List the prime factors of i.
2, 5, 7
Suppose 16*h + 3320 = -568. Let q = h - -686. List the prime factors of q.
443
Let h be (48/(-10))/(11/(55/(-2))). List the prime factors of h/9*(-3 + (-1524)/(-8)).
2, 5
What are the prime factors of 53316*(-2)/10*(217/(-28) - 1)?
3, 7, 1481
Let q(g) = 11*g**2 + 205*g - 131. List the prime factors of q(-23).
7, 139
Let l(g) = 2*g - 3. Let n be l(-1). What are the prime factors of 2/(-4) - ((-244)/8 + n)?
5, 7
Let h = 7321 - -4837. List the prime factors of h.
2, 6079
Let y(q) = -q**3 + 2*q**2 - 3*q - 91. What are the prime factors of y(-9)?
827
Let c = 68 - 62. Let i be 2/6 + 520/c + -1. Suppose 2*z - i + 22 = 0. List the prime factors of z.
2
Suppose 0 = -10*a - 114*a + 3*a + 3173588. List the prime factors of a.
2, 79, 83
Let d = 2738 + -2732. Let c(s) = -36*s + 30. Let l(i) = -18*i + 15. Let t(u) = 4*c(u) - 9*l(u). What are the prime factors of t(d)?
3, 31
Let s(t) be the second derivative of t**3/6 + 23*t**2/2 - 12*t. Let m be s(12). Suppose m = 3*q - 2*q. List the prime factors of q.
5, 7
Suppose -15*m = -14*m. Let z be m + 873/3*1. Suppose -5*y = -y + 20, 4*f - z = -5*y. List the prime factors of f.
79
Let w = -3181 - -24565. What are the prime factors of w?
2, 3, 11
Let f = -225 + 902. Let h = f + -142. List the prime factors of h.
5, 107
Suppose 25*h - 90*h + 24*h + 529187 = 0. List the prime factors of h.
12907
Suppose -23*z + 26*z - 33 = 0. Suppose 15 = z*d - 8*d. Let v(f) = f**2 - 4*f + 22. List the prime factors of v(d).
3
Suppose 13*b = 84*b + 7*b - 2467764. List the prime factors of b.
2, 3, 5273
Let l(h) = h**2 - 6*h + 21. Let b be l(3). Let n(j) = j**3 - 9*j**2 + 8*j + 4. What are the prime factors of n(b)?
2, 7, 19
Let z = 335 - 329. Let j(o) = 3*o**3 + 13*o - 114. List the prime factors of j(z).
2, 3, 17
Suppose 55843 = 15*n - 10*n - 4*c, 3*n + 4*c - 33525 = 0. List the prime factors of n.
11171
Suppose -3*y = 2*v + 2, -3*y - 37 = -5*v - 0*v. Suppose 4*o = -o - v*l - 250, 277 = -5*o + 4*l. Let n = 93 + o. List the prime factors of n.
2, 5
Let j = 1303 + -752. Suppose 4*s = 5*q - 700, s + 4*s + j = 4*q. Suppose -x = x - q. What are the prime factors of x?
2, 3
What are the prime factors of (((-108900)/(-21))/(-11))/(5/(-70))?
2, 3, 5, 11
Suppose -7108274 - 3090602 = -353*l. List the prime factors of l.
2, 31, 233
Let t(p) = -47*p - 18 + 19*p**2 - 20 + 7*p**2 + 39. What are the prime factors of t(-5)?
2, 443
What are the prime factors of 7071 - 14*(6 + -5)?
7057
Suppose 2*l = -0*l - m + 35061, 0 = -2*l - 3*m + 35055. What are the prime factors of l?
2, 3, 487
Suppose -2*d + 8917 + 25361 = l, 0 = l - 5*d - 34243. What are the prime factors of l?
2, 13, 659
Let r be 0 + 2/5 - 20/50. Suppose -15*f + 2*f - 78 = r. What are the prime factors of (f/(-3))/((-432)/(-215) + -2)?
5, 43
Let q(x) = 5*x - 21. Let z be q(-7). Let n = -21 - z. Suppose 2*y - 15 = -3*f + n, -2*y + 26 = -3*f. List the prime factors of y.
19
Let c be (-2)/((-36)/245811) - 29/174. Suppose c = 19*m + 3947. List the prime factors of m.
7, 73
Let j = 6827 - 2895. Suppose 0 = y + 3*u - 998, 16*y - 12*y - 3*u = j. List the prime factors of y.
2, 17, 29
Suppose 18*q + 160 = 28*q. Suppose q*m - 3421 = 5*m. List the prime factors of m.
311
Suppose 16 = 5*f - 9. Suppose 98*c + 30 = 108*c. Suppose c*j = 220 + f. List the prime factors of j.
3, 5
Suppose 4*l + 291 = 111. Suppose 0 = -3*z - 3*q - 51, -3*q + 94 = -3*z + 19. Let t = z - l. What are the prime factors of t?
2, 3
Let w be (1270/4 - -2 - 2)*4. Suppose 2*p = -p - 2*t + 763, w = 5*p + 5*t. Let k = p - 150. List the prime factors of k.
3, 5, 7
Suppose -3*p - 2*p + 30 = y, -2*p - 1 = 3*y. Let k(v) = -8*v - 228. Let t be k(-29). Suppose 3*f + t = -3*n + p*n, -